et b be (98/5)/7*(-5)/(-2). Suppose 0 = -h - b*h + 392. Calculate the highest common factor of h and 49.
49
Suppose -4*u + 18 = -2*x, -3*x - 4 - 1 = 5*u. Suppose 85 = u*j + 3*j - 5*c, 3*c - 21 = -j. What is the greatest common divisor of 2 and j?
2
Suppose -2*z - 192 = -2*i - 0*z, 0 = 3*z + 15. Calculate the greatest common factor of 14 and i.
7
Let g(r) = 2*r**2 + 9*r + 5. Let a be g(-7). Let v be 62/7 + 10/70. Suppose v*t = 2*t + 70. What is the greatest common divisor of a and t?
10
Suppose -14*t + 1080 = -9*t. What is the highest common divisor of 24 and t?
24
Let i(u) = u**3 + u**2 - u + 8. Let m be i(0). Let r be (-2)/m - (-296)/32. Calculate the greatest common factor of 45 and r.
9
Let h be (-4)/((-8)/30) + 10/5. Calculate the highest common factor of 17 and h.
17
Suppose g + 1 = -2. Let v be (-918)/(-63) + g/(-7). Calculate the greatest common factor of v and 3.
3
Let n = 693 - 673. Calculate the highest common divisor of n and 260.
20
Let j(l) = 2*l**2 - 14*l + 17. Let c(x) = 3*x - 1. Let u be c(4). Let d be j(u). Calculate the highest common factor of d and 21.
21
Suppose 3*j + 23 = 2*g, 4*g - j = 3*j + 40. Let u be 2/7 + 2238/g. Suppose 2*x - u = -0*x. Calculate the highest common factor of x and 20.
20
Let x(s) = 78*s**2 - 8*s + 5. Let a be x(2). Let r = a - 149. What is the greatest common divisor of 19 and r?
19
Suppose -27*u + 456 = -19*u. Calculate the highest common factor of 19 and u.
19
Let o = 26 - 22. Suppose 18 = 2*s - o. Calculate the greatest common divisor of s and 99.
11
Suppose -10*g + 4 = -8*g. Suppose 0*x - g*x + 22 = 0. Let y = x - 9. Calculate the highest common factor of y and 12.
2
Let l be (1 + 5)*2*1. Let k = 52 + -55. Let i be 4 - k/((-9)/(-240)). What is the highest common divisor of l and i?
12
Let t = 36 - 32. Suppose -t*a + 58 = h, 2*h = -a - 4*a + 107. Calculate the greatest common factor of 69 and h.
23
Let s(a) = -6*a + 46. Let n be s(4). Calculate the highest common divisor of n and 88.
22
Let b = -101 + 137. What is the greatest common factor of 4 and b?
4
Let c be (8/3)/((-4)/(-150)). Let l(j) = j**3 + 16*j**2 - j + 9. Let a be 4/(-6) - 230/15. Let t be l(a). Calculate the highest common factor of c and t.
25
Suppose 0 = 2*i - 70 + 6. Suppose -216 = -410*h + 383*h. Calculate the greatest common divisor of h and i.
8
Let x be (-1 - 0)*-4 + -2. Suppose -3*d = -5*r - 56, 40 = 2*d + 5*r - 14. Calculate the greatest common factor of x and d.
2
Suppose p = 4*l - 2193, -l + 5*p = 3*l - 2181. What is the highest common factor of l and 305?
61
Suppose 0*f + 4*x - 359 = -5*f, 4*f + 5*x = 280. What is the greatest common factor of 25 and f?
25
Suppose r - 55 = -4*r. Suppose -3*n + r*n = 440. Suppose -2*w + 18 = w + 3*j, -w + 4 = -j. Calculate the greatest common divisor of w and n.
5
Let m(v) = 5*v**2 + 4*v - 8. Let b be m(-3). Let w(r) = -2*r**2 + 10*r - 3. Let z be w(4). What is the highest common factor of z and b?
5
Let i(n) = -n**3 + 7*n**2 - 4*n - 6. Let s be i(6). Suppose -v = -12 - 42. Calculate the highest common factor of v and s.
6
Let s = 72 - -90. Suppose -y = -0*y - 3. Suppose 2*i - 2*c = 36, y*c - 90 = -5*i - c. What is the highest common factor of s and i?
18
Suppose -3*t - 2*w = 2, 2*t + 1 = 5*w - 13. Let o be t/(-10) + -2 + (-119)/(-5). What is the greatest common divisor of o and 88?
22
Suppose l + 5*h = 1, -4*l + h - 47 = 4*h. Let c = -6 + l. Let f be (-482)/(-4) + 10/c. Calculate the highest common factor of f and 48.
24
Let l(k) = -28*k - 388. Let a be l(-19). Calculate the greatest common divisor of 160 and a.
16
Let c(b) = b**3 + 21*b**2 - 21*b + 46. Let z be c(-22). Suppose z = -y + 40. What is the highest common factor of y and 4?
4
Suppose 3 = -3*b - 0. Let g be (1 - b) + 1 + -1. Let z be ((-2)/g)/((-5)/15). What is the greatest common factor of z and 27?
3
Suppose 446 = -12*m + 1826. Suppose 3*a + 0*o - 141 = -o, 0 = o - 3. Calculate the highest common divisor of m and a.
23
Let x = 1434 + -684. Calculate the highest common factor of 90 and x.
30
Let z(h) = h**2 + 15*h - 62. Let w be z(-20). Let m = 159 - -31. What is the highest common factor of m and w?
38
Let q be (10/4)/((-4)/(-8)). Let u(o) = -4*o**3 - 57*o**2 - 16*o + 17. Let d be u(-14). What is the highest common factor of d and q?
5
Let f(q) = -2*q**3 - 2*q**2 + q - 2. Let z be f(-2). Suppose 667*h - 669*h + 16 = 0. Calculate the highest common divisor of h and z.
4
Suppose -6 = 3*j, 3*m + 67 = 2*m + 4*j. Suppose 5*b - 72 = 48. Let l be (b/(-10))/(2/m). What is the greatest common divisor of l and 36?
18
Let w be -3*(-156)/(-90)*-35. Calculate the highest common factor of 637 and w.
91
Let y be 0 + (-2)/(-4) + (-1260)/40. Let r be (-7 - y) + (-3)/((-3)/(-2)). What is the greatest common divisor of 22 and r?
22
Let p be (-42)/(-9) - 4 - 2/3. Suppose -18*q + 22*q - 16 = p. What is the greatest common factor of 28 and q?
4
Suppose m = 3*u - 5 - 220, -2*m = 3*u - 216. What is the greatest common divisor of 814 and u?
74
Let g be 55/(-33)*(-36)/10. Let m be 16 + -8*(-3)/g. Calculate the highest common factor of m and 5.
5
Let g = -111 - -121. Calculate the highest common divisor of 130 and g.
10
Suppose -6*i - 226 = -352. What is the greatest common divisor of 609 and i?
21
Let n(l) = 6*l + 6. Let y be n(-5). Let k = 16 - y. What is the greatest common divisor of k and 10?
10
Let b = -804 + 854. What is the greatest common divisor of 40 and b?
10
Let c be 5/((-25)/430) - 2. Let v = c + 125. What is the greatest common factor of 185 and v?
37
Suppose 0 = -2*a + 18 + 24. Suppose -18*z + 0*z + 294 = -11*z. Calculate the greatest common factor of a and z.
21
Let y be 16656/240 + 14/(-10). What is the greatest common factor of y and 119?
17
Let z(g) = g**3 + 4*g**2 - 2*g + 4. Let f be z(-4). Let y = 26 - f. Suppose 2*i = -4*b + 46, 4*b - 5*i = -b + 95. What is the highest common divisor of y and b?
14
Let t be (-18)/(-2 - 4) - -7. Suppose 0 = -f + 3*f - 180. What is the highest common factor of f and t?
10
Let w = -12 - -18. Suppose w*u - 61 = 191. What is the greatest common factor of 126 and u?
42
Let k(u) = -7*u + 1 + 4*u**2 + u**2 - 6*u**2. Let t be k(-5). Let h = 4 - -7. What is the greatest common divisor of t and h?
11
Suppose 3*f - t - 5 = 0, -f = -t + 2 - 3. Suppose -f*y - 4 = -4*y. Suppose -y*n - 47 = -173. Calculate the highest common factor of n and 9.
9
Let d(s) = s**3 - 8*s**2 + s - 3. Let u be d(10). Suppose 319 - 273 = 2*g. What is the greatest common factor of g and u?
23
Suppose -1094 = -4*z - 14. What is the greatest common factor of 60 and z?
30
Suppose -2*a - t = -45, a = -t - 0*t + 24. Suppose v + 5*q - 152 = 0, 4*q = v + 4*v - 731. Calculate the greatest common factor of v and a.
21
Let f(c) = 2*c**2 - 6*c + 2. Let h be f(6). Let t(v) = -h + v**3 + 33 + 46 + 43. Let x be t(0). What is the highest common factor of 28 and x?
28
Let v = -132 - -824. Suppose -7*c = 55 - v. Calculate the highest common factor of 26 and c.
13
Let q = -128 - -133. Suppose q*u = 2*o + 16, -3*o = -2*u - 0*u + 13. Calculate the highest common factor of 14 and u.
2
Let n(i) = i**2 - 4*i + 2. Let p be n(5). Let k(g) = -23*g**2 + 105*g + 11. Let v be k(4). Calculate the highest common factor of v and p.
7
Suppose j + 2 = 4. Suppose 4*c + 3*q = 463, -3*q + 56 + 183 = j*c. What is the highest common divisor of c and 28?
28
Let u(o) = -1 + 33*o - 32*o + 7. Let y be u(-3). Suppose -y*k - 2*k = 25, g - k - 25 = 0. Calculate the greatest common factor of g and 220.
20
Let i = 3 + -1. Let b be 2 + -2 - (i - 13). Suppose -b - 77 = -4*u. Calculate the highest common factor of 242 and u.
22
Let z = -1684 + 2701. What is the highest common factor of 9 and z?
9
Let p(h) = 9*h + 6. Let a be p(6). Suppose -7*y + 217 = -57*y + 967. What is the highest common divisor of y and a?
15
Let c = 13 + -13. Let y(g) = g**2 - g + 6. Let r be y(c). Suppose -6*h = -4*h - r. What is the greatest common divisor of h and 9?
3
Suppose 4*q = 8*q - 48. Suppose q*a - 198 = 6*a. What is the greatest common divisor of a and 22?
11
Let t = 1620 - 1600. Calculate the greatest common factor of t and 140.
20
Let h(y) = 2*y - 34. Suppose -243 = 6*a - 15*a. Let t be h(a). Calculate the greatest common divisor of 20 and t.
20
Suppose 26*q + 552 = 32*q. What is the greatest co